mmon factor of 32 and 400.
16
Calculate the greatest common divisor of 13169 and 26.
13
Calculate the greatest common divisor of 481 and 26.
13
What is the greatest common divisor of 24 and 240?
24
Calculate the greatest common divisor of 3302 and 635.
127
Calculate the greatest common factor of 180 and 5.
5
Calculate the highest common factor of 246 and 12.
6
What is the greatest common divisor of 29364 and 6?
6
Calculate the highest common factor of 21472 and 96.
32
Calculate the greatest common divisor of 418 and 1309.
11
What is the greatest common divisor of 34 and 3077?
17
Calculate the highest common divisor of 86 and 1247.
43
Calculate the greatest common factor of 88 and 916.
4
Calculate the greatest common divisor of 240 and 3072.
48
What is the highest common divisor of 96 and 1608?
24
What is the greatest common divisor of 351 and 78?
39
What is the greatest common factor of 938 and 98?
14
Calculate the highest common divisor of 1288 and 8694.
322
What is the highest common divisor of 12 and 36?
12
What is the greatest common divisor of 81 and 2349?
81
What is the highest common factor of 363 and 418?
11
Calculate the greatest common factor of 11 and 8.
1
Calculate the greatest common factor of 55 and 605.
55
Calculate the highest common divisor of 1088 and 204.
68
Calculate the highest common factor of 810 and 12042.
54
Calculate the greatest common factor of 18 and 10.
2
Calculate the highest common factor of 56 and 910.
14
What is the highest common factor of 564 and 2068?
188
Calculate the highest common divisor of 122 and 1952.
122
What is the greatest common factor of 167 and 10354?
167
What is the highest common divisor of 704 and 121?
11
Calculate the greatest common factor of 480 and 64.
32
What is the greatest common factor of 15 and 165?
15
Calculate the highest common factor of 72 and 126.
18
Calculate the highest common factor of 2492 and 42.
14
What is the highest common factor of 4212 and 676?
52
Calculate the highest common divisor of 2444 and 39.
13
Calculate the greatest common factor of 69 and 943.
23
What is the greatest common divisor of 560 and 9632?
112
Calculate the greatest common divisor of 125 and 25.
25
What is the highest common factor of 567 and 810?
81
What is the greatest common factor of 6 and 32?
2
Calculate the highest common factor of 555 and 777.
111
Calculate the highest common divisor of 5 and 410.
5
What is the highest common divisor of 621 and 459?
27
Calculate the greatest common divisor of 1739 and 37.
37
What is the greatest common divisor of 544 and 34?
34
What is the highest common divisor of 329 and 47?
47
What is the greatest common factor of 44 and 2?
2
Calculate the highest common factor of 2 and 114.
2
Calculate the highest common factor of 242 and 11.
11
Calculate the highest common factor of 1808 and 96.
16
Calculate the highest common factor of 216 and 72.
72
Calculate the highest common factor of 1177 and 22.
11
Calculate the highest common divisor of 304 and 56.
8
Calculate the highest common factor of 2424 and 12.
12
Calculate the greatest common divisor of 41 and 41.
41
What is the greatest common factor of 162 and 243?
81
Calculate the greatest common factor of 15 and 72.
3
Calculate the highest common divisor of 372 and 12.
12
What is the greatest common factor of 270 and 864?
54
Calculate the highest common divisor of 2952 and 72.
72
Calculate the greatest common factor of 4 and 298.
2
What is the highest common divisor of 486 and 3240?
162
Calculate the highest common factor of 98 and 378.
14
What is the highest common factor of 36 and 468?
36
Calculate the highest common divisor of 42 and 6.
6
What is the highest common divisor of 4 and 64?
4
Calculate the greatest common factor of 88 and 99.
11
What is the highest common divisor of 76 and 20?
4
Calculate the highest common factor of 216 and 144.
72
What is the highest common factor of 28 and 4?
4
What is the highest common factor of 64 and 752?
16
What is the highest common factor of 242 and 3?
1
Calculate the greatest common factor of 584 and 2482.
146
Calculate the greatest common divisor of 2060 and 80.
20
Calculate the greatest common divisor of 190 and 1406.
38
Calculate the highest common divisor of 780 and 208.
52
What is the highest common divisor of 143 and 22?
11
What is the highest common divisor of 45 and 15765?
15
What is the greatest common divisor of 2292 and 24?
12
Calculate the greatest common divisor of 132 and 36.
12
What is the greatest common divisor of 309 and 48?
3
What is the highest common divisor of 48 and 26816?
16
Calculate the highest common divisor of 47 and 94.
47
Calculate the greatest common divisor of 448 and 322.
14
Calculate the greatest common divisor of 85307 and 23.
23
What is the highest common divisor of 16 and 496?
16
What is the highest common divisor of 21 and 336?
21
What is the greatest common divisor of 8154 and 108?
54
What is the greatest common divisor of 139 and 61577?
139
Calculate the highest common factor of 56 and 77.
7
Calculate the highest common divisor of 148 and 333.
37
Calculate the greatest common factor of 82 and 164.
82
Calculate the greatest common divisor of 51 and 6171.
51
What is the greatest common factor of 100 and 220?
20
What is the greatest common factor of 1225 and 49?
49
What is the highest common divisor of 10417 and 22?
11
Calculate the highest common factor of 1149 and 3.
3
Calculate the greatest common factor of 5 and 2215.
5
Calculate the greatest common divisor of 24 and 36.
12
What is the highest common divisor of 28770 and 210?
210
What is the greatest common divisor of 345 and 276?
69
Calculate the greatest common factor of 184 and 46.
46
What is the greatest common divisor of 1000 and 72?
8
Calculate the greatest common divisor of 319 and 22.
11
Calculate the greatest common divisor of 7 and 203.
7
Calculate the greatest common divisor of 21 and 5943.
21
Calculate the greatest common divisor of 13335 and 525.
105
Calculate the highest common divisor of 2216 and 831.
277
What is the highest common divisor of 26 and 195?
13
Calculate the highest common factor of 810 and 10.
10
Calculate the greatest common factor of 11 and 209.
11
What is the highest common divisor of 100 and 1160?
20
What is the highest common divisor of 45 and 1005?
15
Calculate the highest common divisor of 112 and 308.
28
What is the greatest common divisor of 391 and 69?
23
What is the highest common factor of 171 and 7049?
19
Calculate the greatest common factor of 2200 and 50.
50
Calculate the greatest common divisor of 330 and 1254.
66
Calculate the greatest common factor of 77 and 77.
77
What is the greatest common factor of 965 and 1351?
193
What is the highest common divisor of 40 and 3240?
40
What is the greatest common divisor of 46 and 23?
23
What is the greatest common divisor of 31 and 527?
31
What is the highest common factor of 568 and 3763?
71
What is the greatest common factor of 54 and 1998?
54
Calculate the greatest common divisor of 198 and 18.
18
What is the greatest common factor of 20 and 5120?
20
What is the highest common divisor of 18 and 99?
9
Calculate the highest common factor of 32629 and 134.
67
What is the highest common divisor of 546 and 91?
91
Calculate the greatest common factor of 9 and 909.
9
Calculate the greatest common divisor of 13 and 10543.
13
What is the greatest common divisor of 23 and 667?
23
What is the highest common divisor of 18 and 16803?
9
Calculate the greatest common factor of 171 and 19.
19
Calculate the highest common factor of 1380 and 80.
20
Calculate the highest common divisor of 1479 and 1632.
51
What is the greatest common factor of 3624 and 48?
24
Calculate the greatest common divisor of 26 and 3341.
13
Calculate the greatest common factor of 200 and 1975.
25
Calculate the highest common divisor of 100 and 15700.
100
Calculate the greatest common factor of 36 and 284.
4
What is the greatest common factor of 440 and 720?
40
What is the greatest common factor of 671 and 165?
11
Calculate the greatest common divisor of 3627 and 39.
39
What is the greatest common factor of 540 and 8775?
135
What is the greatest common divisor of 223 and 223?
223
Calculate the greatest common divisor of 40 and 120.
40
Wha